{"id":3,"date":"2025-01-29T10:55:48","date_gmt":"2025-01-29T10:55:48","guid":{"rendered":"https:\/\/dasmedia.es\/?page_id=3"},"modified":"2025-03-17T15:09:54","modified_gmt":"2025-03-17T15:09:54","slug":"politica-de-cookies","status":"publish","type":"page","link":"https:\/\/dasmedia.es\/index.php\/politica-de-cookies\/","title":{"rendered":"Pol\u00edtica de Cookies"},"content":{"rendered":"\t\t<div data-elementor-type=\"wp-page\" data-elementor-id=\"3\" class=\"elementor elementor-3\">\n\t\t\t\t<div class=\"elementor-element elementor-element-93b195c e-flex e-con-boxed e-con e-parent\" data-id=\"93b195c\" data-element_type=\"container\" data-e-type=\"container\">\n\t\t\t\t\t<div class=\"e-con-inner\">\n\t\t\t\t<div class=\"elementor-element elementor-element-772976d elementor-widget elementor-widget-text-editor\" data-id=\"772976d\" data-element_type=\"widget\" data-e-type=\"widget\" data-widget_type=\"text-editor.default\">\n\t\t\t\t<div class=\"elementor-widget-container\">\n\t\t\t\t\t\t\t\t\t<p>El acceso a la p\u00e1gina web \u00a0<a href=\"https:\/\/dasmedia.es\/\">https:\/\/dasmedia.es\/<\/a> \u00a0puede implicar la utilizaci\u00f3n de cookies. Las cookies son procedimientos autom\u00e1ticos de recogida de informaci\u00f3n que permiten al usuario identificarse de forma autom\u00e1tica y que facilita a DASMEDIA la obtenci\u00f3n de informaci\u00f3n sobre los h\u00e1bitos y comportamientos de sus usuarios dentro de su web para as\u00ed poder mejorarlo, personalizar la experiencia del usuario y facilitar la navegaci\u00f3n y usabilidad.<\/p><p>Sin perjuicio de que las cookies recogen informaci\u00f3n mediante procedimientos autom\u00e1ticos, las mismas no permiten contactarse con el n\u00famero de tel\u00e9fono de un usuario o con cualquier otro medio de contacto personal. Tampoco pueden extraer informaci\u00f3n del disco duro o robar informaci\u00f3n personal. La \u00fanica manera de que la informaci\u00f3n privada del usuario forme parte del archivo Cookie es que el usuario d\u00e9 personalmente esa informaci\u00f3n al servidor.<\/p><p>Seg\u00fan la entidad que gestione el dominio desde d\u00f3nde se env\u00edan las cookies y se traten los datos que se obtengan, se pueden distinguir dos tipos: cookies propias (gestionadas exclusivamente por DASMEDIA) y cookies de terceros (gestionadas por entidades externas que proporcionan a DASMEDIA servicios solicitados para mejorar el sitio web y la experiencia de usuario).<\/p><p>Existe tambi\u00e9n una segunda clasificaci\u00f3n seg\u00fan el plazo de tiempo que permanecen almacenadas en el navegador del cliente, pudiendo tratarse de cookies de sesi\u00f3n (recaban datos mientras el usuario navega por la red) o cookies persistentes (se almacenan en el terminal y la informaci\u00f3n obtenida se utiliza por el responsable de la cookie con la finalidad de prestar el servicio solicitado).<\/p><p>Por \u00faltimo, existe otra clasificaci\u00f3n con cinco tipos de cookies seg\u00fan la finalidad para la que se traten los datos obtenidos: cookies t\u00e9cnicas, cookies de personalizaci\u00f3n, cookies de an\u00e1lisis, cookies publicitarias y cookies de publicidad comportamental.<\/p><p>Para m\u00e1s informaci\u00f3n a este respecto puede consultar la Gu\u00eda sobre el uso de las cookies de la Agencia Espa\u00f1ola de Protecci\u00f3n de Datos.<\/p><p>Las cookies que permiten identificar a una persona se consideran datos personales. Por tanto, a las mismas les ser\u00e1 de aplicaci\u00f3n la Pol\u00edtica de Privacidad (disponible en el sitio web). En este sentido, para la utilizaci\u00f3n de las mismas ser\u00e1 necesario el consentimiento del usuario. Este consentimiento ser\u00e1 comunicado, en base a una elecci\u00f3n aut\u00e9ntica, ofrecido mediante una decisi\u00f3n afirmativa y positiva, antes del tratamiento inicial, removible y documentado.<\/p><p>En caso de que el usuario decida no autorizar su uso, DASMEDIA no almacenar\u00eda ninguna cookie y tan s\u00f3lo se usar\u00edan las cookies t\u00e9cnicas dado que sin ellas no es posible navegar por la web. En caso de seguir navegando por la web y no denegar la autorizaci\u00f3n, dicha actividad implicar\u00e1 la aceptaci\u00f3n de su uso. El usuario podr\u00e1 deshabilitar, rechazar y eliminar las cookies \u2014total o parcialmente\u2014 instaladas en su dispositivo mediante la configuraci\u00f3n de su navegador de internet. En cada navegador la operativa es diferente, a continuaci\u00f3n, se facilitan los enlaces de distintos navegadores sobre c\u00f3mo realizar dichas modificaciones:<\/p><p>Microsoft Edge:<\/p><p>https:\/\/support.microsoft.com\/es-es\/microsoft-edge\/eliminar-las-cookies-en-microsoft-edge- 63947406-40ac-c3b8-57b9-2a946a29ae09<\/p><p>FireFox:\u00a0\u00a0\u00a0\u00a0\u00a0\u00a0\u00a0\u00a0 https:\/\/support.mozilla.org\/es\/kb\/habilitar-y-deshabilitar-cookies-sitios-web-rastrear- preferencias?redirectslug=habilitar-y-deshabilitar-cookies-que-los-sitios-we&amp;redirectlocale=es<\/p><p>Chrome:https:\/\/support.google.com\/chrome\/answer\/95647?hl=es<\/p><p>Safari:\u00a0<a href=\"http:\/\/www.apple.com\/es\/privacy\/use-of-cookies\/\">www.apple.com\/es\/privacy\/use-of-cookies\/<\/a><\/p><p>En caso de que el usuario realice modificaciones en la configuraci\u00f3n de las cookies, DASMEDIA informa que no asegura el correcto funcionamiento del sitio web, pudiendo verse limitada la utilizaci\u00f3n de ciertas prestaciones del mismo.<\/p><p>Que es una Cookies<\/p><p>Una\u00a0cookie\u00a0es un peque\u00f1o fichero de texto que se almacena en su navegador cuando visita casi cualquier p\u00e1gina web. Su utilidad es que la web sea capaz de recordar su visita cuando vuelva a navegar por esa p\u00e1gina. Las\u00a0cookies\u00a0suelen almacenar informaci\u00f3n de car\u00e1cter t\u00e9cnico, preferencias personales, personalizaci\u00f3n de contenidos, estad\u00edsticas de uso, enlaces a redes sociales, acceso a cuentas de usuario, etc. El objetivo de la\u00a0cookie\u00a0es adaptar el contenido de la web a su perfil y necesidades, sin\u00a0cookies\u00a0los servicios ofrecidos por cualquier p\u00e1gina se ver\u00edan mermados notablemente. Si desea consultar m\u00e1s informaci\u00f3n sobre qu\u00e9 son las\u00a0cookies, qu\u00e9 almacenan, c\u00f3mo eliminarlas, desactivarlas, etc., por favor, contin\u00fae leyendo.<\/p><p>Cookies utilizadas en este sitio web<\/p><p>Siguiendo las directrices de la Agencia Espa\u00f1ola de Protecci\u00f3n de Datos procedemos a detallar el uso de\u00a0cookies\u00a0que hace esta web con el fin de informarle con la m\u00e1xima exactitud posible.<\/p><p>Este sitio web utiliza las siguientes\u00a0cookies propias:<\/p><p>Cookies de sesi\u00f3n, para garantizar que los usuarios que escriban comentarios en el blog sean humanos y no aplicaciones De esta forma se combate el\u00a0spam.<\/p><p>Este sitio web utiliza las siguientes\u00a0cookies de terceros:<\/p><p>Google Analytics: Almacena\u00a0cookies\u00a0para poder elaborar estad\u00edsticas sobre el tr\u00e1fico y volumen de visitas de esta web. Al utilizar este sitio web est\u00e1 consintiendo el tratamiento de informaci\u00f3n acerca de usted por Por tanto, el ejercicio de cualquier derecho en este sentido deber\u00e1 hacerlo comunicando directamente con Google.<\/p><p>Redes sociales: Cada red social utiliza sus propias\u00a0cookies\u00a0para que usted pueda pinchar en botones del tipo\u00a0Me gusta\u00a0o\u00a0Compartir.<\/p><p>Desactivaci\u00f3n o eliminaci\u00f3n de cookies<\/p><p>En cualquier momento podr\u00e1 ejercer su derecho de desactivaci\u00f3n o eliminaci\u00f3n de cookies de este sitio web. Estas acciones se realizan de forma diferente en funci\u00f3n del navegador que est\u00e9 usando. Pasar saber m\u00e1s acerca de los navegadores, por favor, continue leyendo.<\/p><p>Notas adicionales<\/p><p>Ni esta web ni sus representantes legales se hacen responsables ni del contenido ni de la veracidad de las pol\u00edticas de privacidad que puedan tener los terceros mencionados en esta pol\u00edtica de\u00a0cookies.<\/p><p>Los navegadores web son las herramientas encargadas de almacenar las\u00a0cookies\u00a0y desde este lugar debe efectuar su derecho a eliminaci\u00f3n o desactivaci\u00f3n de las mismas. Ni esta web ni sus representantes legales pueden garantizar la correcta o incorrecta manipulaci\u00f3n de las\u00a0cookies\u00a0por parte de los mencionados<\/p><p>En algunos casos es necesario instalar\u00a0cookies\u00a0para que el navegador no olvide su decisi\u00f3n de no aceptaci\u00f3n de las<\/p><p>En el caso de las\u00a0cookies\u00a0de Google Analytics, esta empresa almacena las\u00a0cookies\u00a0en servidores ubicados en Estados Unidos y se compromete a no compartirla con terceros, excepto en los casos en los que sea necesario para el funcionamiento del sistema o cuando la ley obligue a tal Seg\u00fan Google no guarda su direcci\u00f3n IP. Google Inc. es una compa\u00f1\u00eda adherida al Acuerdo de Puerto Seguro que garantiza que todos los datos transferidos ser\u00e1n tratados con un nivel de protecci\u00f3n acorde a la normativa europea<\/p><p>Para cualquier duda o consulta acerca de esta pol\u00edtica de\u00a0cookies\u00a0no dude en comunicarse con nosotros a trav\u00e9s de la secci\u00f3n de<\/p><p>\u00bfQu\u00e9 es una cookie?<\/p><p>Una\u00a0cookie\u00a0es un fichero de texto\u00a0inofensivo\u00a0que se almacena en su navegador cuando visita casi cualquier p\u00e1gina web. La utilidad de la\u00a0cookie\u00a0es que la web sea capaz de recordar su visita cuando vuelva a navegar por esa p\u00e1gina. Aunque mucha gente no lo sabe las\u00a0cookies\u00a0se llevan utilizando desde hace 20 a\u00f1os, cuando aparecieron los primeros navegadores para la World Wide Web.<\/p><p>\u00bfQu\u00e9 NO ES una cookie?<\/p><p>No es un virus, ni un troyano, ni un gusano, ni spam, ni spyware, ni abre ventanas pop-up.<\/p><p>\u00bfQu\u00e9 informaci\u00f3n almacena una\u00a0cookie?<\/p><p>Las\u00a0cookies\u00a0no suelen almacenar informaci\u00f3n sensible sobre usted, como tarjetas de cr\u00e9dito o datos bancarios, fotograf\u00edas, su DNI o informaci\u00f3n personal, etc. Los datos que guardan son de car\u00e1cter t\u00e9cnico, preferencias personales, personalizaci\u00f3n de contenidos, etc.<\/p><p>El servidor web no le asocia a usted como persona si no a su navegador web. De hecho, si usted navega habitualmente con Internet Explorer y prueba a navegar por la misma web con Firefox o Chrome ver\u00e1 que la web no se da cuenta que es usted la misma persona porque en realidad est\u00e1 asociando al navegador, no a la persona.<\/p><p>\u00bfQu\u00e9 tipo de\u00a0cookies\u00a0existen?<\/p><p>Cookies\u00a0t\u00e9cnicas: Son las m\u00e1s elementales y permiten, entre otras cosas, saber cu\u00e1ndo est\u00e1 navegando un humano o una aplicaci\u00f3n automatizada, cu\u00e1ndo navega un usuario an\u00f3nimo y uno registrado, tareas b\u00e1sicas para el funcionamiento de cualquier web din\u00e1mica.<\/p><p>Cookies\u00a0de an\u00e1lisis: Recogen informaci\u00f3n sobre el tipo de navegaci\u00f3n que est\u00e1 realizando, las secciones que m\u00e1s utiliza, productos consultados, franja horaria de uso, idioma,<\/p><p>Cookies\u00a0publicitarias: Muestran publicidad en funci\u00f3n de su navegaci\u00f3n, su pa\u00eds de procedencia, idioma,<\/p><p>\u00bfQu\u00e9 son las\u00a0cookies\u00a0propias y las de terceros?<\/p><p>Las\u00a0cookies propias\u00a0son las generadas por la p\u00e1gina que est\u00e1 visitando y las\u00a0de terceros\u00a0son las generadas por servicios o proveedores externos como Facebook, Twitter, Google, etc.<\/p><p>\u00bfQu\u00e9 ocurre si desactivo las\u00a0cookies?<\/p><p>Para que entienda el alcance que puede tener desactivar las\u00a0cookies\u00a0le mostramos unos ejemplos:<\/p><p>No podr\u00e1 compartir contenidos de esa web en Facebook, Twitter o cualquier otra red<\/p><p>El sitio web no podr\u00e1 adaptar los contenidos a sus preferencias personales, como suele ocurrir en las tiendas<\/p><p>No podr\u00e1 acceder al \u00e1rea personal de esa web, como por ejemplo\u00a0Mi cuenta, o\u00a0Mi perfil\u00a0o\u00a0Mis pedidos.<\/p><p>Tiendas online: Le ser\u00e1 imposible realizar compras online, tendr\u00e1n que ser telef\u00f3nicas o visitando la tienda f\u00edsica si es que dispone de<\/p><p>No ser\u00e1 posible personalizar sus preferencias geogr\u00e1ficas como franja horaria, divisa o<\/p><p>El sitio web no podr\u00e1 realizar anal\u00edticas web sobre visitantes y tr\u00e1fico en la web, lo que dificultar\u00e1 que la web sea<\/p><p>No podr\u00e1 escribir en el blog, no podr\u00e1 subir fotos, publicar comentarios, valorar o puntuar La web tampoco podr\u00e1 saber si usted es un humano o una aplicaci\u00f3n automatizada que publica\u00a0spam.<\/p><p>No se podr\u00e1 mostrar publicidad sectorizada, lo que reducir\u00e1 los ingresos publicitarios de la<\/p><p>Todas las redes sociales usan\u00a0cookies, si las desactiva no podr\u00e1 utilizar ninguna red<\/p><p>\u00bfSe pueden eliminar las\u00a0cookies?<\/p><p>S\u00ed. No s\u00f3lo eliminar, tambi\u00e9n bloquear, de forma general o particular para un dominio espec\u00edfico.<\/p><p>Para eliminar las\u00a0cookies\u00a0de un sitio web debe ir a la configuraci\u00f3n de su navegador y all\u00ed podr\u00e1 buscar las asociadas al dominio en cuesti\u00f3n y proceder a su eliminaci\u00f3n.<\/p><p>Configuraci\u00f3n de\u00a0cookies\u00a0para los navegadores m\u00e1s populares<\/p><p>A continuaci\u00f3n le indicamos c\u00f3mo acceder a una\u00a0cookie\u00a0determinada del navegador\u00a0Chrome. Nota: estos pasos pueden variar en funci\u00f3n de la versi\u00f3n del navegador:<\/p><p>Vaya a Configuraci\u00f3n o Preferencias mediante el men\u00fa Archivo o bien pinchando el icono de personalizaci\u00f3n que aparece arriba a la<\/p><p>Ver\u00e1 diferentes secciones, pinche la opci\u00f3n\u00a0Mostrar opciones avanzadas.<\/p><p>Vaya a\u00a0Privacidad,\u00a0Configuraci\u00f3n de contenido.<\/p><p>Seleccione\u00a0Todas las cookies y los datos de sitios.<\/p><p>Aparecer\u00e1 un listado con todas las\u00a0cookies\u00a0ordenadas por dominio. Para que le sea m\u00e1s f\u00e1cil encontrar las\u00a0cookies\u00a0de un determinado dominio introduzca parcial o totalmente la direcci\u00f3n en el campo\u00a0Buscar cookies.<\/p><p>Tras realizar este filtro aparecer\u00e1n en pantalla una o varias l\u00edneas con las\u00a0cookies\u00a0de la web solicitada. Ahora s\u00f3lo tiene que seleccionarla y pulsar la\u00a0X\u00a0para proceder a su eliminaci\u00f3n.<\/p><p>Para acceder a la configuraci\u00f3n de\u00a0cookies\u00a0del navegador\u00a0Internet Explorer\u00a0siga estos pasos (pueden variar en funci\u00f3n de la versi\u00f3n del navegador):<\/p><p>Vaya a\u00a0Herramientas,\u00a0Opciones de Internet<\/p><p>Haga click en\u00a0Privacidad.<\/p><p>Mueva el deslizador hasta ajustar el nivel de privacidad que<\/p><p>Para acceder a la configuraci\u00f3n de\u00a0cookies\u00a0del navegador\u00a0Firefox\u00a0siga estos pasos (pueden variar en funci\u00f3n de la versi\u00f3n del navegador):<\/p><p>Vaya a\u00a0Opciones\u00a0o\u00a0Preferencias\u00a0seg\u00fan su sistema<\/p><p>Haga click en\u00a0Privacidad.<\/p><p>En\u00a0Historial\u00a0elija\u00a0Usar una configuraci\u00f3n personalizada para el historial.<\/p><p>Ahora ver\u00e1 la opci\u00f3n\u00a0Aceptar cookies, puede activarla o desactivarla seg\u00fan sus<\/p><p>Para acceder a la configuraci\u00f3n de\u00a0cookies\u00a0del navegador\u00a0Safari para OSX\u00a0siga estos pasos (pueden variar en funci\u00f3n de la versi\u00f3n del navegador):<\/p><p>Vaya a\u00a0Preferencias, luego\u00a0Privacidad.<\/p><p>En este lugar ver\u00e1 la opci\u00f3n\u00a0Bloquear cookies\u00a0para que ajuste el tipo de bloqueo que desea<\/p><p>Para acceder a la configuraci\u00f3n de\u00a0cookies\u00a0del navegador\u00a0Safari para iOS\u00a0siga estos pasos (pueden variar en funci\u00f3n de la versi\u00f3n del navegador):<\/p><p>Vaya a\u00a0Ajustes, luego\u00a0Safari.<\/p><p>Vaya a\u00a0Privacidad y Seguridad, ver\u00e1 la opci\u00f3n\u00a0Bloquear cookies\u00a0para que ajuste el tipo de bloqueo que desea<\/p><p>Para acceder a la configuraci\u00f3n de\u00a0cookies\u00a0del navegador para dispositivos\u00a0Android\u00a0siga estos pasos (pueden variar en funci\u00f3n de la versi\u00f3n del navegador):<\/p><p>Ejecute el navegador y pulse la tecla\u00a0Men\u00fa, luego\u00a0Ajustes.<\/p><p>Vaya a\u00a0Seguridad y Privacidad, ver\u00e1 la opci\u00f3n\u00a0Aceptar cookies\u00a0para que active o desactive la<\/p><p>Para acceder a la configuraci\u00f3n de\u00a0cookies\u00a0del navegador para dispositivos\u00a0Windows Phone\u00a0siga estos pasos (pueden variar en funci\u00f3n de la versi\u00f3n del navegador):<\/p><p>Abra\u00a0Internet Explorer, luego\u00a0M\u00e1s, luego\u00a0Configuraci\u00f3n<\/p><p>Ahora puede activar o desactivar la casilla\u00a0Permitir cookies.<\/p>\t\t\t\t\t\t\t\t<\/div>\n\t\t\t\t<\/div>\n\t\t\t\t\t<\/div>\n\t\t\t\t<\/div>\n\t\t\t\t<\/div>\n\t\t","protected":false},"excerpt":{"rendered":"<p>El acceso a la p\u00e1gina web \u00a0https:\/\/dasmedia.es\/ \u00a0puede implicar la utilizaci\u00f3n de cookies. Las cookies son procedimientos autom\u00e1ticos de recogida [&hellip;]<\/p>\n","protected":false},"author":1,"featured_media":0,"parent":0,"menu_order":0,"comment_status":"closed","ping_status":"closed","template":"","meta":{"site-sidebar-layout":"default","site-content-layout":"","ast-site-content-layout":"default","site-content-style":"default","site-sidebar-style":"default","ast-global-header-display":"","ast-banner-title-visibility":"","ast-main-header-display":"","ast-hfb-above-header-display":"","ast-hfb-below-header-display":"","ast-hfb-mobile-header-display":"","site-post-title":"","ast-breadcrumbs-content":"","ast-featured-img":"","footer-sml-layout":"","ast-disable-related-posts":"","theme-transparent-header-meta":"","adv-header-id-meta":"","stick-header-meta":"","header-above-stick-meta":"","header-main-stick-meta":"","header-below-stick-meta":"","astra-migrate-meta-layouts":"default","ast-page-background-enabled":"default","ast-page-background-meta":{"desktop":{"background-color":"var(--ast-global-color-5)","background-image":"","background-repeat":"repeat","background-position":"center center","background-size":"auto","background-attachment":"scroll","background-type":"","background-media":"","overlay-type":"","overlay-color":"","overlay-opacity":"","overlay-gradient":""},"tablet":{"background-color":"","background-image":"","background-repeat":"repeat","background-position":"center center","background-size":"auto","background-attachment":"scroll","background-type":"","background-media":"","overlay-type":"","overlay-color":"","overlay-opacity":"","overlay-gradient":""},"mobile":{"background-color":"","background-image":"","background-repeat":"repeat","background-position":"center center","background-size":"auto","background-attachment":"scroll","background-type":"","background-media":"","overlay-type":"","overlay-color":"","overlay-opacity":"","overlay-gradient":""}},"ast-content-background-meta":{"desktop":{"background-color":"var(--ast-global-color-4)","background-image":"","background-repeat":"repeat","background-position":"center center","background-size":"auto","background-attachment":"scroll","background-type":"","background-media":"","overlay-type":"","overlay-color":"","overlay-opacity":"","overlay-gradient":""},"tablet":{"background-color":"var(--ast-global-color-4)","background-image":"","background-repeat":"repeat","background-position":"center center","background-size":"auto","background-attachment":"scroll","background-type":"","background-media":"","overlay-type":"","overlay-color":"","overlay-opacity":"","overlay-gradient":""},"mobile":{"background-color":"var(--ast-global-color-4)","background-image":"","background-repeat":"repeat","background-position":"center center","background-size":"auto","background-attachment":"scroll","background-type":"","background-media":"","overlay-type":"","overlay-color":"","overlay-opacity":"","overlay-gradient":""}},"footnotes":""},"class_list":["post-3","page","type-page","status-publish","hentry"],"yoast_head":"<!-- This site is optimized with the Yoast SEO plugin v27.4 - https:\/\/yoast.com\/product\/yoast-seo-wordpress\/ -->\n<title>Pol\u00edtica de Cookies - Dasmedia<\/title>\n<meta name=\"robots\" content=\"index, follow, max-snippet:-1, max-image-preview:large, max-video-preview:-1\" \/>\n<link rel=\"canonical\" href=\"https:\/\/dasmedia.es\/index.php\/politica-de-cookies\/\" \/>\n<meta property=\"og:locale\" content=\"es_ES\" \/>\n<meta property=\"og:type\" content=\"article\" \/>\n<meta property=\"og:title\" content=\"Pol\u00edtica de Cookies - Dasmedia\" \/>\n<meta property=\"og:description\" content=\"El acceso a la p\u00e1gina web \u00a0https:\/\/dasmedia.es\/ \u00a0puede implicar la utilizaci\u00f3n de cookies. Las cookies son procedimientos autom\u00e1ticos de recogida [&hellip;]\" \/>\n<meta property=\"og:url\" content=\"https:\/\/dasmedia.es\/index.php\/politica-de-cookies\/\" \/>\n<meta property=\"og:site_name\" content=\"Dasmedia\" \/>\n<meta property=\"article:modified_time\" content=\"2025-03-17T15:09:54+00:00\" \/>\n<meta name=\"twitter:card\" content=\"summary_large_image\" \/>\n<meta name=\"twitter:label1\" content=\"Tiempo de lectura\" \/>\n\t<meta name=\"twitter:data1\" content=\"10 minutos\" \/>\n<script type=\"application\/ld+json\" class=\"yoast-schema-graph\">{\"@context\":\"https:\\\/\\\/schema.org\",\"@graph\":[{\"@type\":\"WebPage\",\"@id\":\"https:\\\/\\\/dasmedia.es\\\/index.php\\\/politica-de-cookies\\\/\",\"url\":\"https:\\\/\\\/dasmedia.es\\\/index.php\\\/politica-de-cookies\\\/\",\"name\":\"Pol\u00edtica de Cookies - Dasmedia\",\"isPartOf\":{\"@id\":\"https:\\\/\\\/dasmedia.es\\\/#website\"},\"datePublished\":\"2025-01-29T10:55:48+00:00\",\"dateModified\":\"2025-03-17T15:09:54+00:00\",\"breadcrumb\":{\"@id\":\"https:\\\/\\\/dasmedia.es\\\/index.php\\\/politica-de-cookies\\\/#breadcrumb\"},\"inLanguage\":\"es\",\"potentialAction\":[{\"@type\":\"ReadAction\",\"target\":[\"https:\\\/\\\/dasmedia.es\\\/index.php\\\/politica-de-cookies\\\/\"]}]},{\"@type\":\"BreadcrumbList\",\"@id\":\"https:\\\/\\\/dasmedia.es\\\/index.php\\\/politica-de-cookies\\\/#breadcrumb\",\"itemListElement\":[{\"@type\":\"ListItem\",\"position\":1,\"name\":\"Portada\",\"item\":\"https:\\\/\\\/dasmedia.es\\\/\"},{\"@type\":\"ListItem\",\"position\":2,\"name\":\"Pol\u00edtica de Cookies\"}]},{\"@type\":\"WebSite\",\"@id\":\"https:\\\/\\\/dasmedia.es\\\/#website\",\"url\":\"https:\\\/\\\/dasmedia.es\\\/\",\"name\":\"Dasmedia\",\"description\":\"\",\"publisher\":{\"@id\":\"https:\\\/\\\/dasmedia.es\\\/#organization\"},\"potentialAction\":[{\"@type\":\"SearchAction\",\"target\":{\"@type\":\"EntryPoint\",\"urlTemplate\":\"https:\\\/\\\/dasmedia.es\\\/?s={search_term_string}\"},\"query-input\":{\"@type\":\"PropertyValueSpecification\",\"valueRequired\":true,\"valueName\":\"search_term_string\"}}],\"inLanguage\":\"es\"},{\"@type\":\"Organization\",\"@id\":\"https:\\\/\\\/dasmedia.es\\\/#organization\",\"name\":\"Dasmedia\",\"url\":\"https:\\\/\\\/dasmedia.es\\\/\",\"logo\":{\"@type\":\"ImageObject\",\"inLanguage\":\"es\",\"@id\":\"https:\\\/\\\/dasmedia.es\\\/#\\\/schema\\\/logo\\\/image\\\/\",\"url\":\"https:\\\/\\\/dasmedia.es\\\/wp-content\\\/uploads\\\/2025\\\/05\\\/cropped-logo-nuevo.jpg\",\"contentUrl\":\"https:\\\/\\\/dasmedia.es\\\/wp-content\\\/uploads\\\/2025\\\/05\\\/cropped-logo-nuevo.jpg\",\"width\":870,\"height\":291,\"caption\":\"Dasmedia\"},\"image\":{\"@id\":\"https:\\\/\\\/dasmedia.es\\\/#\\\/schema\\\/logo\\\/image\\\/\"}}]}<\/script>\n<!-- \/ Yoast SEO plugin. -->","yoast_head_json":{"title":"Pol\u00edtica de Cookies - Dasmedia","robots":{"index":"index","follow":"follow","max-snippet":"max-snippet:-1","max-image-preview":"max-image-preview:large","max-video-preview":"max-video-preview:-1"},"canonical":"https:\/\/dasmedia.es\/index.php\/politica-de-cookies\/","og_locale":"es_ES","og_type":"article","og_title":"Pol\u00edtica de Cookies - Dasmedia","og_description":"El acceso a la p\u00e1gina web \u00a0https:\/\/dasmedia.es\/ \u00a0puede implicar la utilizaci\u00f3n de cookies. Las cookies son procedimientos autom\u00e1ticos de recogida [&hellip;]","og_url":"https:\/\/dasmedia.es\/index.php\/politica-de-cookies\/","og_site_name":"Dasmedia","article_modified_time":"2025-03-17T15:09:54+00:00","twitter_card":"summary_large_image","twitter_misc":{"Tiempo de lectura":"10 minutos"},"schema":{"@context":"https:\/\/schema.org","@graph":[{"@type":"WebPage","@id":"https:\/\/dasmedia.es\/index.php\/politica-de-cookies\/","url":"https:\/\/dasmedia.es\/index.php\/politica-de-cookies\/","name":"Pol\u00edtica de Cookies - Dasmedia","isPartOf":{"@id":"https:\/\/dasmedia.es\/#website"},"datePublished":"2025-01-29T10:55:48+00:00","dateModified":"2025-03-17T15:09:54+00:00","breadcrumb":{"@id":"https:\/\/dasmedia.es\/index.php\/politica-de-cookies\/#breadcrumb"},"inLanguage":"es","potentialAction":[{"@type":"ReadAction","target":["https:\/\/dasmedia.es\/index.php\/politica-de-cookies\/"]}]},{"@type":"BreadcrumbList","@id":"https:\/\/dasmedia.es\/index.php\/politica-de-cookies\/#breadcrumb","itemListElement":[{"@type":"ListItem","position":1,"name":"Portada","item":"https:\/\/dasmedia.es\/"},{"@type":"ListItem","position":2,"name":"Pol\u00edtica de Cookies"}]},{"@type":"WebSite","@id":"https:\/\/dasmedia.es\/#website","url":"https:\/\/dasmedia.es\/","name":"Dasmedia","description":"","publisher":{"@id":"https:\/\/dasmedia.es\/#organization"},"potentialAction":[{"@type":"SearchAction","target":{"@type":"EntryPoint","urlTemplate":"https:\/\/dasmedia.es\/?s={search_term_string}"},"query-input":{"@type":"PropertyValueSpecification","valueRequired":true,"valueName":"search_term_string"}}],"inLanguage":"es"},{"@type":"Organization","@id":"https:\/\/dasmedia.es\/#organization","name":"Dasmedia","url":"https:\/\/dasmedia.es\/","logo":{"@type":"ImageObject","inLanguage":"es","@id":"https:\/\/dasmedia.es\/#\/schema\/logo\/image\/","url":"https:\/\/dasmedia.es\/wp-content\/uploads\/2025\/05\/cropped-logo-nuevo.jpg","contentUrl":"https:\/\/dasmedia.es\/wp-content\/uploads\/2025\/05\/cropped-logo-nuevo.jpg","width":870,"height":291,"caption":"Dasmedia"},"image":{"@id":"https:\/\/dasmedia.es\/#\/schema\/logo\/image\/"}}]}},"_links":{"self":[{"href":"https:\/\/dasmedia.es\/index.php\/wp-json\/wp\/v2\/pages\/3","targetHints":{"allow":["GET"]}}],"collection":[{"href":"https:\/\/dasmedia.es\/index.php\/wp-json\/wp\/v2\/pages"}],"about":[{"href":"https:\/\/dasmedia.es\/index.php\/wp-json\/wp\/v2\/types\/page"}],"author":[{"embeddable":true,"href":"https:\/\/dasmedia.es\/index.php\/wp-json\/wp\/v2\/users\/1"}],"replies":[{"embeddable":true,"href":"https:\/\/dasmedia.es\/index.php\/wp-json\/wp\/v2\/comments?post=3"}],"version-history":[{"count":0,"href":"https:\/\/dasmedia.es\/index.php\/wp-json\/wp\/v2\/pages\/3\/revisions"}],"wp:attachment":[{"href":"https:\/\/dasmedia.es\/index.php\/wp-json\/wp\/v2\/media?parent=3"}],"curies":[{"name":"wp","href":"https:\/\/api.w.org\/{rel}","templated":true}]}}